sor of w and 65?
13
Suppose 0 = -2*t - t + 6. Suppose 620 = w + w + t*p, -4*w = -4*p - 1224. Suppose 0 = -q - 3*q + w. Calculate the highest common factor of 11 and q.
11
Suppose -4*s + 1 = -2*f - 3, 5*f = -4*s + 32. Suppose 0 = b - s*b + 196. Calculate the highest common divisor of b and 14.
14
Let s(f) = f**2 - 17*f + 74. Let u be s(14). What is the highest common factor of 80 and u?
16
Suppose -2*t - t = -3. Let a(i) = 26*i**3 - i**2 + 2*i - 1. Let w be a(t). What is the highest common divisor of 26 and w?
26
Let v = -20 - -24. What is the greatest common factor of 28 and v?
4
Let n(h) = h**3 - 2*h**2 - h - 1. Let x be n(3). Let z be 14/2 - (6 - x). Suppose 4*o - 30 = 3*o. What is the highest common divisor of o and z?
6
Suppose 3*r + j - 22 = 0, -2*r + 6 = 2*j - 10. Let u be (2/3)/(12/1386). Calculate the highest common divisor of u and r.
7
Let i = 7 + -2. Let s(t) = 2*t - 4. Let m be s(7). Let q = m - i. What is the highest common divisor of q and 5?
5
Suppose -3*t = -122 - 151. What is the highest common factor of t and 13?
13
Let c be ((-7)/2 - -1)*(-598)/115. Calculate the highest common factor of 52 and c.
13
Let s be 13 + (1 - (-2)/2). Let t = -290 - -190. Let w = t - -265. Calculate the highest common divisor of w and s.
15
Let v be (1/(-3))/((-10)/300). Suppose 7*w = 9*w - v. Calculate the greatest common divisor of w and 2.
1
Let g(w) = 6*w + 3. Let n be g(5). Let s = n - 20. Let b be 52/(8 - 4)*1. What is the highest common divisor of s and b?
13
Let t(u) = 5*u**2 - 10*u + 6. Let h be t(6). Calculate the highest common factor of 9 and h.
9
Let b be 32/12*(-3)/1. Let h be 0 - (b - 4/2). What is the greatest common factor of 2 and h?
2
Let b(x) = 3*x**2 + 4*x + 1. Let y be b(-3). Suppose i + 3*m + 6 - y = 0, -54 = -3*i - 3*m. Calculate the greatest common divisor of 33 and i.
11
Let k be (1 - 2)/(2/(-38)). Let n = -9 + k. What is the greatest common divisor of n and 4?
2
Let u be (24/5)/((-1)/(-20)). Let n(j) = 3 - j + 4*j + 0. Let v be n(3). Calculate the greatest common divisor of v and u.
12
Suppose 7*s = 2*s + 50. Suppose -k + s = 2. Let x = 27 + 5. What is the greatest common factor of x and k?
8
Let t = -30 + 66. Let w be 1/(-2)*-2 + 8. Calculate the highest common divisor of w and t.
9
Let n = 60 - 20. Calculate the greatest common divisor of 16 and n.
8
Let x = 15 - 14. Let v(l) = 226*l - 1. Let r be v(x). Calculate the greatest common divisor of r and 25.
25
Suppose 2*r + 34 = h, h + 6*r = r + 41. Suppose 6*j - 5*j = h. Suppose j = -2*n + 5*n. Calculate the greatest common divisor of n and 108.
12
Let u = 1253 - 884. Calculate the highest common factor of 41 and u.
41
Let i be (-108)/(-12) + -4 + 1. Suppose i*a - 37 = -13. Suppose 0 = 2*g - 7 - 9. Calculate the greatest common divisor of g and a.
4
Let r(z) = -35*z - 28. Let l be r(-9). Calculate the greatest common factor of l and 41.
41
Let y = 1 + 5. Let p = 8 + y. What is the highest common factor of p and 154?
14
Let w(k) = 5*k**3 - 1. Let p be w(1). Let b be 6/(-18) + 37/3. Let m be -6*b/(-9)*1. Calculate the highest common factor of m and p.
4
Suppose -l + 14 = -23. Suppose -2*t + 34 = -24. Suppose -t - l = -3*n. Calculate the greatest common factor of 55 and n.
11
Suppose -f + 4*i = -2*f + 133, -4*f - 3*i + 532 = 0. What is the greatest common divisor of 19 and f?
19
Let w be (15/(-2) + 2)/((-2)/4). Calculate the highest common divisor of w and 33.
11
Let z(c) = c**3 - 3*c**2 - 2*c - 4. Let k be z(4). Let p = -36 + 56. What is the highest common divisor of p and k?
4
Let k be 4*((-3)/6)/(-1). Suppose -3*d + k*q + 24 = 0, d - 3 - 5 = q. What is the highest common factor of 8 and d?
8
Let x = -21 - -26. Calculate the greatest common divisor of x and 35.
5
Let y = 214 - 184. Calculate the highest common divisor of y and 90.
30
Let j(c) = 3*c**2 - c - 2. Let g = -2 - -1. Let f be j(g). What is the highest common factor of f and 18?
2
Suppose -u - 4 = 4*b - 2, -b - 2 = u. Suppose -3*w + 137 = -c, -3*c + b*c = -5*w + 235. Suppose m + 2 = 6. What is the highest common divisor of w and m?
4
Let o be (-134)/(-3) - (-12)/36. Calculate the highest common divisor of o and 5.
5
Let r(x) = -12*x - 24. Let t be r(-11). What is the greatest common factor of 12 and t?
12
Let i(m) = -m**2 + 11*m + 8. Let p be i(9). Calculate the greatest common divisor of p and 65.
13
Suppose 0 = -5*r + u + 115, 0*u + 73 = 4*r + 3*u. Let t(j) = -j**2 - 2*j**2 - 1 + r*j**2. Let m be t(1). Calculate the highest common factor of m and 9.
9
Suppose 0 = 4*x + 10 - 26. Suppose -3*f + 2*d = -0*d - 72, -x*f + 79 = 3*d. Calculate the greatest common divisor of 88 and f.
22
Let u(c) = -c**2 - 3*c + 2 + 6*c + 4*c. Let p be u(5). Suppose -6*o + 18 = -54. What is the highest common factor of p and o?
12
Let g = -14 + 112. Let q be g/(-4)*(-1 - 1). Suppose -3*b - 56 = -11*b. What is the highest common divisor of q and b?
7
Suppose 6*u = u + 165. Let t be (-1)/3 - 6/9. Let l be -3 - 10/(-2) - t. What is the greatest common divisor of l and u?
3
Let u(w) = 58*w + 24. Let x be u(3). Calculate the greatest common factor of x and 18.
18
Let p be ((-30)/8)/(24/(-64)). Calculate the highest common factor of 5 and p.
5
Suppose 0*w = 5*y - 3*w, 3*y = 3*w + 6. Let v = y + 59. What is the greatest common divisor of 14 and v?
14
Let d(k) = 23*k**3 - k**2. Let b be d(1). Suppose -j = -122 - b. What is the greatest common divisor of 16 and j?
16
Suppose -5*a - 15 = 0, 0*a - 36 = -3*p - 2*a. Let r = -680 - -405. Let l = 401 + r. What is the highest common divisor of l and p?
14
Let m = -1 - -8. Suppose -g - 5 = -0, -5*g = -t + 276. Suppose t = 3*j + 41. Calculate the highest common divisor of j and m.
7
Suppose 0 = -2*i + 228 + 42. Calculate the highest common factor of 15 and i.
15
Let o be (-46)/(-6) + 4/(-6). Suppose 64 = 4*x - 4*c, 2*c + 59 = 4*x - 3*c. Calculate the highest common divisor of x and o.
7
Let q(z) = z + 2. Let t be q(9). Let a = t + 12. Let r = 32 - a. Calculate the greatest common divisor of r and 81.
9
Let c(v) = 65*v**2 - 2*v + 1. Let n be c(1). Suppose 0 = -5*t + n + 61. Let r = 11 - 6. What is the highest common factor of r and t?
5
Suppose -f + 3*c + 7 + 3 = 0, 5*c = -2*f - 2. Let d = -27 - -33. What is the highest common divisor of d and f?
2
Let z = 339 - 329. Suppose n - 8 = 82. What is the greatest common divisor of z and n?
10
Let s = -41 - -99. Suppose -5*d + 182 = -s. Let j be (-7 - (5 + -9))/((-3)/16). Calculate the greatest common divisor of d and j.
16
Suppose -2*o + 88 = -0*o. Suppose n + 2*j - 48 = 4*j, o = n - j. Suppose 4*f - 14 = 6. What is the highest common divisor of n and f?
5
Suppose -5*p - 214 = -3*a, -3*a = -5*a - 4*p + 128. Calculate the highest common divisor of a and 17.
17
Suppose 3*i = 6*i - 120. Let o be (-60)/9*(-48)/20. What is the highest common factor of i and o?
8
Let w = 548 - 364. What is the highest common factor of w and 23?
23
Let r = 6 + -4. Suppose 3*n = -5*f + 25, 0*n = 2*n. What is the greatest common divisor of f and r?
1
Let q be ((-1)/2)/(1 - (-45)/(-40)). What is the greatest common divisor of 20 and q?
4
Suppose 9*f - 90 = 4*f. What is the greatest common factor of f and 54?
18
Let j be 3*(-3)/(-9) + -3 - -8. What is the greatest common factor of 48 and j?
6
Let v(i) = -3*i + 4. Let s be v(-6). Let o be s*-1*(-2)/4. Let j(q) = q**3 + 9*q**2 + 11. Let z be j(-9). Calculate the highest common divisor of z and o.
11
Suppose -29 = -4*k - 9. Suppose -k*g = -3*g - 26. Let j(f) = -2*f**3 - 3*f**2 - 3*f - 1. Let b be j(-4). What is the greatest common divisor of b and g?
13
Let z be 47 - (6 + (-8 - -3) + 1). Calculate the greatest common divisor of 30 and z.
15
Let v = 145 - -77. Calculate the greatest common divisor of 37 and v.
37
Suppose 4 = 4*z + r - 24, 0 = -5*z + 2*r + 22. Calculate the greatest common factor of z and 48.
6
Suppose 4*m - 3*m - 2*x - 28 = 0, -3*m + 48 = 3*x. Suppose 12*p - 70 = 5*p. What is the highest common factor of p and m?
10
Suppose 10 = -n + 6*n. Suppose 0 = -n*d - 0 + 10. Let s = 29 + -14. What is the greatest common divisor of s and d?
5
Let c(x) be the first derivative of -x**3/3 + 5*x**2/2 - 4*x - 2. Let o be c(3). Let a be 416/2 + (1 - o). Calculate the highest common factor of a and 23.
23
Suppose 5*g = 4*o - 460, -113 = -o 